276*q**3. Calculate k(-4).
-2
Let y(u) = u**2 + 98*u + 384. Let q be y(-94). Let f(w) = 12*w + 4. Give f(q).
100
Let n(j) = j**3 + 13*j**2 - 18*j + 182. Let y be n(-15). Let d(q) = q**2 + 6*q - 14. Determine d(y).
2
Let j(u) = -u - 39. Suppose -5*w - 155 = -5*g, -3*g = 56*w - 53*w + 75. Determine j(w).
-11
Let z = 649 + -645. Let d(i) = 16*i - 46. What is d(z)?
18
Suppose -97*f + 15 = 86*f - 188*f. Let m(s) be the third derivative of 0*s - 1/6*s**3 - 1/60*s**5 + 2*s**2 - 5/24*s**4 + 0. Calculate m(f).
5
Let z(v) be the first derivative of 4*v**2 + 53*v - 352. Determine z(-7).
-3
Let h(f) = 11*f + 77. Let s(m) = 38*m + 269. Let g(c) = -7*h(c) + 2*s(c). Let j be -14*(0 + 1/2). What is g(j)?
6
Let t(z) = -4*z + 3. Let a(y) = -4*y**2 + 43*y - 58. Let n be a(9). Give t(n).
-17
Let y(g) = -291*g + 848*g + 12*g**2 - 264*g - 265*g - g**3 - 7. Give y(14).
-7
Let x(a) = 4*a + 5. Let n = 4322 - 4333. Give x(n).
-39
Let v(c) be the second derivative of -2*c**3/3 + 2*c**2 + 2*c. Let x(a) = 3*a**2 - 38*a + 93. Let l be x(9). Give v(l).
28
Let x(q) = 2*q + 10. Let a be x(-3). Let s(m) = -13*m**2 - 10*m + 32. Let f(n) = -5*n**2 - 3*n + 11. Let w(k) = -8*f(k) + 3*s(k). Give w(a).
0
Let n be -4 + ((-30)/40)/(6/(-32)). Let l(h) = h + 1. Calculate l(n).
1
Let d(y) = y**2 - 6*y + 1. Suppose 4*g + 9 + 2 = a, 2*a - 5*g - 19 = 0. Let v be d(a). Let m(c) = 16*c + 7*c - v + 17*c - 42*c. What is m(-6)?
4
Let h(o) = -o**3 + 6*o**2 - 5*o - 5. Suppose -3*y - 6 = -3*u, y + 2*y + 5*u - 10 = 0. Suppose 2*x = -0*x + 2*m + 2, y = -4*m + 16. Give h(x).
-5
Let n(m) = -7*m**2 - 71*m - 34. Let b(l) = -6*l**2 - 55*l - 32. Let z(d) = -5*b(d) + 4*n(d). Give z(0).
24
Let y(d) be the second derivative of 228*d + 0 + 1/6*d**3 + 1/12*d**4 - 1/20*d**5 + 12*d**2. Give y(0).
24
Let h(p) = -149*p - 54 - 138*p - 150*p + 568*p - 159*p. Give h(-2).
2
Suppose -3*p + 10 = 4*y, -5*p + 1990 - 1970 = 5*y. Let f(g) be the third derivative of g**6/120 + g**5/60 + g**4/12 - g**2. Give f(y).
-8
Let t = 2342 - 2330. Let n(p) = -p**3 + 12*p**2 + 2*p - 15. Determine n(t).
9
Let f(c) = -6*c + 124. Let z = 19998 - 19978. What is f(z)?
4
Let j(b) = -b**3 - 12*b**2 + 14*b - 15. Let p = 24537 + -24550. Calculate j(p).
-28
Let v(z) = -z + 2. Let x = -107 + 597. Let p = -493 + x. Determine v(p).
5
Suppose 4*t = -2*k + 31 - 7, 24 = 4*t + 3*k. Suppose 3*q = 4*c + 10, -q + 2*c = -5*q + t. Let p(u) = 86 + 0*u**3 - u**3 + 7*u - 5*u**q - 77. Give p(-6).
3
Let b(f) = -f - 2. Let n be -4 + (-128)/(-16) + -3. Calculate b(n).
-3
Let g be -9 - 3 - (-18 - -9). Let w(r) = -4*r**3 - 16*r**2 - 4*r + 9. Let o(y) = y**3 + 4*y**2 + y - 2. Let z(p) = -9*o(p) - 2*w(p). Give z(g).
-6
Let f(r) be the first derivative of -r**3/3 + 5*r**2/2 + 2*r - 1. Suppose -9*g + 31 + 635 = 0. Suppose 0 = 2*u + 3*d - 23, 3*u + 52 = -2*d + g. Determine f(u).
6
Let x(j) = -31*j - 115. Let r(w) = -22*w - 117. Let s(l) = 4*r(l) - 3*x(l). Determine s(23).
-8
Let k = 5502 - 5512. Let b(r) = r + 24. Give b(k).
14
Suppose 0 = -6*x + 116 - 38. Suppose x = -0*a + 2*a + 5*b, 5*b - 9 = -a. Let c(u) = u**2 - 2*u + 5*u - u**3 + a*u - 2*u - 2. Determine c(3).
-5
Let h(o) be the third derivative of -5*o**4/24 + 4*o**3/3 - 410*o**2. Determine h(2).
-2
Let x(m) = 2*m**2 - 7*m - 7. Suppose 0 = l + 696 - 724. Suppose -l*o + 27*o = -6. Calculate x(o).
23
Let v(w) = 3*w + 45. Let u(o) = -28*o - 433. Let k(z) = 2*u(z) + 19*v(z). Give k(-8).
-19
Suppose -49*h = -41*h - 32. Let m(z) = z**2 - 4*z + 7. Give m(h).
7
Let v = -86 + 107. Let x(o) = -4*o - 1 - 5*o**2 - v*o**3 + 16*o**3 + 4*o**3. What is x(-5)?
19
Let l(p) = 5*p**2 - 5*p**2 - 2 - p**2. Let x = -124 + 126. Let t be (-1 + x)/(4*(-3)/24). Calculate l(t).
-6
Let f(u) = 2*u + 5. Suppose -7*y - s + 38 = -10*y, -66 = 5*y - 3*s. Determine f(y).
-19
Let s(w) = w**2 + 40*w + 381. Let b be s(-15). Let q(d) = -d + 2. Determine q(b).
-4
Suppose -15*i + 10*i + q = -9, -3*i - 5 = 2*q. Let c be i/5 + 52/20*-2. Let o(v) = -2*v**2 - 9*v + 8. Calculate o(c).
3
Let b(n) = -5 - n**2 - 248*n + 5 + 254*n. Let p(d) = -d + 5. Let g be p(0). Determine b(g).
5
Suppose 44*o + 8 = 40*o. Let f be (6 + -7)/(1 + o). Let c(s) = -2*s. Give c(f).
-2
Let h(m) = -m + 3. Let w = 965 - -327. Suppose 0 = -4*p + 5*f + w, -4*p + 105 = -f - 1187. Let v be (-2)/17 - (-2299)/p. Calculate h(v).
-4
Let l be (-32)/36 + 130/45. Let i(x) be the first derivative of -2*x**3 + 1/4*x**4 + 0*x**l - 3*x - 3. What is i(6)?
-3
Let w(a) = a**3 - 5*a**2 + 5*a - 4. Let b(p) = 56 + p**2 + 75*p + 18 - 99*p + 43*p. Let m be b(-14). Give w(m).
0
Let y(z) be the second derivative of -13/6*z**3 - 11/12*z**4 + 0 + 1/20*z**5 + 7/2*z**2 - 28*z. Determine y(12).
-5
Let a(d) = 67*d - 18. Let q(z) = -5*z + 3. Let u(n) = a(n) + 12*q(n). Calculate u(13).
109
Let f(t) be the third derivative of t**6/120 + t**5/15 + t**3/2 + 41*t**2. Let q be 36/(-3)*3/(-4). Suppose 0 = -5*k - 24 + q. What is f(k)?
12
Let u(m) = -20*m**2 + 230*m - 57. Let p(f) = 6*f**2 - 66*f + 16. Let g(v) = 17*p(v) + 5*u(v). Give g(-12).
-61
Let k(p) = -p**2 + 3*p + 3. Suppose -2*c + 125 - 105 = 0. Suppose -c*t + 9*t - 3 = 0. Give k(t).
-15
Let f(p) = p**2 + 21*p + 62. Let s = -1172 - -1153. What is f(s)?
24
Let h(c) = 3*c**2 - 4*c + 3. Suppose -36*n + 14 = -35*n. Suppose -30 = -n*f - 2. Determine h(f).
7
Let f(g) = g - 1. Let n(v) = -v**3 - 12*v**2 - 5*v + 10. Let x(h) = 2*h**3 + 25*h**2 + 9*h - 19. Let b(d) = -5*n(d) - 2*x(d). Let r be b(-9). Give f(r).
5
Let b(c) = -c + 1. Let g be b(-3). Suppose -14 = 4*w + 2*u - g*u, -u = -3*w - 8. Let l(p) = -5315*p**2 - 5333*p**2 + 10658*p**2 + 1. Calculate l(w).
11
Let w = -7 - -9. Let g(j) be the second derivative of j**4/6 - j**2/2 + 3284*j + 2. Determine g(w).
7
Let v(k) = 9*k - 372. Let n(i) = 2*i - 75. Let d(j) = 11*n(j) - 2*v(j). Let y be d(23). Let a(t) = -t**3 + 10*t**2 + 10*t + 2. Calculate a(y).
-9
Suppose 18 - 2 = 4*z. Let l(k) = 0*k + 4 + k - 2 + z. Let o = 62 + -69. Determine l(o).
-1
Let l(m) = -43*m**2 + 7*m - 15. Let n(y) = -100*y**2 + 13*y - 31. Let g(r) = 7*l(r) - 3*n(r). Calculate g(9).
-3
Let j(i) be the first derivative of 10*i**2 - 161*i - 14684. Calculate j(8).
-1
Let i(l) = 33*l**3 - 29*l**3 - 21 - 17*l**2 - 3*l - 5*l**3. Determine i(-17).
30
Let r(d) be the second derivative of -d**4/4 - d**3/6 + 3*d**2 + 839*d. Calculate r(3).
-24
Let q(j) = -47*j**2 + 108*j + 1159. Let s(x) = -20*x**2 + 56*x + 580. Let l(o) = 3*q(o) - 7*s(o). Give l(-10).
-3
Let p(w) = -15*w**2 + 46*w - 56. Suppose -3*f + 9 = 0, 4*r + f - 13 = -r. Let v(s) = -3*s**2 + 9*s - 11. Let o(j) = r*p(j) - 11*v(j). Calculate o(3).
15
Let t(q) = -3*q**3 - 29*q**2 + 16*q - 7. Let n(i) = -4*i**3 - 31*i**2 + 15*i - 6. Let r(k) = -4*n(k) + 5*t(k). What is r(20)?
-11
Let h(c) = -c**3 - 20*c**2 + 2503 - 5085 - 22*c + 2528. Determine h(-19).
3
Let o(n) = -n**3 - n - 2. Suppose 12*j - 20 = 7*j, -2513 = -5*v + 3*j. Let c = 507 - v. What is o(c)?
-12
Let u(g) be the first derivative of 45*g**4/4 - g**3 - 3*g**2/2 - g + 705. Determine u(-1).
-46
Let m(q) = -4*q - 3. Let f(h) = 10*h + 193. Let i be f(-22). Let a be 106/i - (-38)/(-513). Determine m(a).
13
Let j(n) be the first derivative of -n**3/3 - 11*n**2/2 - 11*n - 21181. Let q be (2 + -12 + 1)*1. Give j(q).
7
Let d(c) be the first derivative of -6*c**2 - 97*c + 9295. What is d(-8)?
-1
Let r = 20 - 8. Let b(i) = 1 + 14 + 16*i + 6*i + 2*i - 25*i. Let v be b(r). Let p(o) = o + 4. What is p(v)?
7
Let a(c) = 11*c - 325. Suppose -3*x = -5*m + 177, -401*m - 3*x + 33 = -399*m. What is a(m)?
5
Let z = -82 - -50. Let b = z - -37. Let f(y) = 76 - 37 - b*y + 2*y - 40. Determine f(1).
-4
Let t(g) be the first derivative of g**2/2 + 25*g + 407. What is t(10)?
35
Let k(o) be the first derivative of 37*o**2/2 + 6*o + 2115. Determine k(0).
6
Suppose 2*i + 5*q = 12, 2*i - 23 - 17 = 2*q. Let u(l) = 10*l**2 - i*l**2 + 7*l + 7*l**2 - 2. Calculate u(-6).
-8
Let v(t) = 34*t + 6. Let l(g) = -71*g - 14. Let m(p) = -2*l(p) - 5*v(p). Calculate m(1).
-30
Let d be 16/(-40) - 496/10. Let x = d - -76. Let m(w) = -3 - 29*w - x*w - 28*w + 80*w. Determine m(-6).
15
Let r(h) be the second derivative of -228*h + 0 - 1/12*h**4 - 11/6*h**3 - 2*h**2. Determine r(-7).
24
Let a(z) = 2*z + 8. Let t be a(0). Let s(w) = -5*w + t*w - 2*w - 9. Suppose -12 = -5*b - 4*k, -4*b - k + 10 = -b. Give s(